+ -63
15
Evaluate -5 - -4 - ((38 - 23) + (5 - -13)).
-34
What is the value of 2 + -1 + -66 - (10 + -37 + -2 + 18)?
-54
Evaluate 35 + -53 + -59 - 8.
-85
What is the value of 75 + -91 + 29 - 38?
-25
Calculate -30 - (23 - 12) - -7 - (-2 - -9).
-41
What is -10 + 21 + (6 - (14 - -2)) + 7 - 7?
1
Calculate 6 + -133 - (52 + -58 + -18).
-103
-838 + 845 + -18 + 2
-9
Evaluate 22 + ((12 - -10) + 2 - 2).
44
Evaluate 2 + 68 + 39 + -62.
47
Calculate 2 - ((10 + (7 - 9) - -8) + 0 + -12).
-2
-1 + 22 + -36 + 7 - 2
-10
-92 + (105 - 46) - 9
-42
39 + 53 + 28 + -166
-46
16 - (-465 - -442 - (-1 + -16))
22
What is the value of 18 + (-10 - (-18 + -7))?
33
What is -12 + 7 - (-2 + 11) - (-48 - -36)?
-2
-280 + 463 + (-104 - -56)
135
Evaluate (56 - 38 - 143) + (17 - 0 - 9).
-117
What is the value of (15 - (27 - 43)) + -14 + -10 + 2?
9
What is 63 + -31 + -108 + 0 + -20 + 0?
-96
Calculate -10 - (20 + -16 + -30 + -3 - -14).
5
Evaluate 30 + (-14 - 17) + (1 - 10) + 30 + 18.
38
What is -17 - ((3 - 13) + -4 - -7) - (5 + -14)?
-1
Calculate 6 + -17 + -57 + (-16 - -69).
-15
What is 24 - -18 - (112 + -81)?
11
Evaluate (-317 - -297) + (0 - 8) + 1 + 1 - -6.
-20
203 - (-4 + 100) - 59
48
What is the value of 6 - (-20 + 8 + -5 + -9)?
32
Evaluate 7 + 4 - (16 + -10 - -1).
4
Evaluate 0 + (-14 - (3 + -18)) + -1 + 1 - -2.
3
Evaluate -9 - -2 - (-20 - -57 - 61) - -54.
71
Calculate (4 - 3) + -12 + (7 - (15 + -21) - -1).
3
What is (-13 - -10 - (-25 + 7 + 5 + 4)) + 40?
46
What is the value of (10 - ((-128 + 121 - (1 + -1)) + 24)) + 139?
132
-66 + 0 + (42 - (-25 + 52))
-51
Evaluate -14 - (-6 - (-8 - 10) - (-7 - (22 - 39))).
-16
-621 + 538 - (21 + 1 + -3 + -5)
-97
Evaluate -1 + -1 + 108 + -142 + -9 + (2 - -1).
-42
20 + (-22 - -8) + 0 + 22
28
Evaluate (16 - 20) + 25 + -26 - -21.
16
What is the value of -45 - (9 + -27 - 78)?
51
53 + (-11 + -13 + 49 + 2 - 16)
64
What is the value of (-4 - (-60 + -5)) + -16 + -3?
42
(0 - -1) + 5 + -3 + -25 + 10534 + -10532
-20
Calculate ((-16 - -19) + -23 - (3 - 69)) + -11.
35
(6185 - 6177) + 24 + -2 + 2
32
Evaluate (10285 - 10374) + 13 + (1 - 1) + 1.
-75
Calculate -21 - (52 + 22 + -40).
-55
What is (160 - 79) + -166 + 125?
40
22 - (146 + -148 + 1 + 45)
-22
What is 2 - (-9 + (-38 - -39))?
10
Calculate -3 + 92 - (1280 - 1265).
74
What is the value of 109 + 18 + -268 + 151?
10
Evaluate -4 + -2 + 3 + (1 - (-3 + 2 + 1)).
-2
What is 9046 + -9128 - (0 + -147)?
65
Evaluate -42 + 44 - (0 + (-2 - 1) + 8).
-3
Calculate 7 + (-14 - -5) + -1 + 11 + 7 + -101.
-86
5 - -2 - (978 - 993)
22
Calculate (214 - 344) + (-11 - -45).
-96
(-2 - 2) + 107 + -3034 + 3011
80
What is the value of -71 - ((-52 - 148) + 42)?
87
What is the value of -2 + -28 - (-750 + 738)?
-18
What is the value of 67 - (42 + -126 - -156)?
-5
-72 - (((10 - -7) + -21 - -5) + 0)
-73
(21 + -23 - (4 + -1)) + 126 - (-29 - -13)
137
Calculate 6 + -7 - ((43 - -5) + -89 - (-2 - 9)).
29
What is -30 + -39 + 36 + -3 + 13?
-23
Calculate (-4 - (4 - -33)) + -29 + (20 - -11).
-39
(-16 - (21 - (19 + -26))) + 10
-34
What is -55 - -108 - 45 - (-1 - (1 + -1)) - 28?
-19
Calculate (-7 - 23) + 27 + -71 + 52.
-22
What is -5 - ((-1 - 70) + (30 - -9))?
27
Evaluate -6 + 24 - (-2 + 9 + (13 - -4 - 23)).
17
What is the value of 1 + -103 + (-125 - -224)?
-3
Calculate -70 + (1 - 4) + (2014 - 2031).
-90
764 + -760 + (-21 - (0 - (-6 - -3)))
-20
Calculate 13 + -2 + (43 - 46).
8
What is the value of (-92 - -80) + 17 + -29?
-24
What is 24 + 2 + 0 + (-5565 - -5540)?
1
What is -8 - ((2 - -27) + -12)?
-25
What is the value of 15 + (17 + (-30 - -11) - (7 + (-4 - -87)))?
-77
What is -2 - 100 - (0 + (-24 - (-11 + -2)) + -2)?
-89
Evaluate 52 + -4 - (-73 - -6).
115
Calculate 44 - (-1 + -13 - -25 - -5).
28
Evaluate -3 + 1 + -5 - (-61 + -70 + 110).
14
Calculate -27 + (-49 + 3 - (-17 + 7)).
-63
What is the value of -36 - (42 + -22 + -31)?
-25
Evaluate 3 - (-1 + -29) - ((-20 - -29) + -16).
40
Evaluate -230 + (240 - 133 - 4).
-127
-19 + 4 + -64 + (-77 - -161)
5
Evaluate -2 + (11 - 27) + 30 + 24.
36
Calculate (-55 - 1 - -2) + (65 - 61) - (39 - 50).
-39
Evaluate (4 + -3 - 13) + (-4 - -34) + 8.
26
What is -68 - (-7 - (-23 - (-17 - (-16 - -9))))?
-74
Evaluate -565 + 450 - (-31 + -6).
-78
Calculate (-21 + 26 - 9) + (45 - (4 + -1)).
38
14 - 9 - (11 + 25)
-31
What is 19 + 26 - (-9 - -17 - 5)?
42
What is the value of 521 + -503 + (-1 - -6 - (110 + -20))?
-67
Evaluate 5 + (-7 - 2) - (21 - -13).
-38
Calculate 19 - (-10 - 5 - -12) - 16.
6
Evaluate 115 - (-25 + (26 - -97)).
17
Calculate -12 + -1 - (-22 + 38 + -35 + 42).
-36
What is the value of 8 + -15 + (-27 - (-23 + (21 - -16)))?
-48
What is -7 + 1 - (-46 + (-12 + 7 - -7 - 13))?
51
What is (-23 - -13 - -21) + 24 + -13 + 16?
38
(-21 - -32 - 20) + (-3 - -5)
-7
Calculate (-136 - ((15 - 11) + 2)) + 4 + 5 + 4.
-129
What is the value of 122 + (119 - 348) + -14?
-121
Calculate 448 - 460 - ((0 - 9) + 3) - (-59 + -2).
55
What is -89 + 71 - (-25 - 2) - 7?
2
Calculate 4 + -37 + (-7 - 15 - 95).
-150
Calculate 36 + 0 - (-31 - (-36 + 25 + -6)).
50
Evaluate (13 - 1) + 30 + -51 - (4 + 0).
-13
10 + -32 + (-3 - -53)
28
Calculate 45 - ((27 - -78) + -17).
-43
1 - (0 + -85) - (6 + (-166 - -145))
101
What is the value of 67 + -52 + -1 - 1?
13
What is 340 + -355 - (9 - 15 - (-7 - 4) - 15)?
-5
What is -3 + (-8 - -14) - (10 + -10 - -2 - 35)?
36
What is 25 - ((60 - 3) + 34)?
-66
Evaluate -29 + (17 - -15) + -18 - (0 - 57).
42
Calculate (-142 - -120) + (2 + -4 - (-3 + -157)).
136
What is 6 - (-3 + 14 + 7 + -16) - 0?
4
What is -10 + 8 - (6 + 3 - (30 + -2))?
17
Calculate -34 - (-9 + 7 + 33 - -26).
-91
Evaluate 72 + -44 + 87 + (5 + -3 - (7 - 2)).
112
Calculate -5 - (-9 - -4) - 9 - 0 - -50.
41
(-6 - 79) + (122 - 108)
-71
-88 + 175 + -43 + -4
40
What is 3 + -37 - (50 - 38 - 36)?
-10
Calculate -46 + 26 + (10 - -8) + 28.
26
(-16 - -18) + 77 + (-11 - (-8 - 1)) + -7
70
What is the value of (-144 - -175) + 1 - (2 - -91)?
-61
What is 37 + (-4 - -33 - 48)?
18
What is the value of 13 + 38 + 59 + -71?
39
Evaluate 28 + (-30 - (-35 - -28) - 5).
0
Calculate (8 + 116 - 13) + -55.
56
Calculate -117 + 137 + (-51 - -9).
-22
What is 10 + 1 + -1 + 55 + (-35 - 23) + 11?
18
What is the value of (159 - 142 - (-2 + 22 - 6)) + (2 - -53)?
58
What is -4 + (51 + -26 - 4) + 9?
26
What is the value of -5 - ((25 - 7) + (-1 - -1)) - 6?
-29
(3 - 62 - -36 - 6) + -36
-65
(18 - (-6 - -5 - 19)) + (0 - -3)
41
What is the value of 16 - (46 + (-27 - 28))?
25
What is the value of (76 + -244 - -213) + -2 + -31?
12
Evaluate -104 + 180 - 64 - (0 + -3).
15
What is the value of 45 - ((54 - 118) + 48)?
61
(6 - 5) + (12 - 9) + (-3 - 9)
-8
What is the value of 0 - 1 - 0 - (-90 - 29 - -62)?
56
What is 96 - (-153 - -271) - (-2 + -66)?
46
What is -160 - (209 + -96 + -189)?
-84
What is the value of -2 + -2 - (-77 - ((-17 - -7) + -14 + 16))?
65
(-2 - 7) + (1 - (117 + -154))
29
What is the value of (30 - 24 - (18 - 0)) + 10 - (2 + -2)?
-2
Evaluate -173 - (107 - (122 - -27)).
-131
Evaluate -3 - (-35 + -75 + 90 + (49 - -1)).
-33
Calculate (19 - 0 - 34) + 4 + 16 + 89 + -3.
91
Calculate (13 + -3 + (41 - 37) - 10) + -2 + -9.
-7
Evaluate 17 + (-27 + -11 - 3) - -13 - -155.
144
Calculate (-132 - -148) + (-9 - -2) - (-5 + 7).
7
What is the value of 74 - (-11 + (-16 - -26) - -34)?
41
Calculate 1323 + -1326 - (-1 + 20 - -1).
-23
Evaluate (31 - -19 - ((-6 - -2) + 19)) + 7.
42
2830 - 2892 - (3 - -40)
-105
Calculate -13 - (-55 - -141) - -24.
-75
What is the value of (0 - (-46 - -20 - 13)) + -12?
27
What is -60 + 30 + (44 - 83)?
-69
Calculate 59 + -57 + (-36 - -20 - -38).
24
36 - (22 - 6) - (1 - 7)
26
Calculate 1 + 2 + -8 + 10 + 1441 + -1492.
-46
-6 + 4 + (29 - 41) + -96 + -1
-111
What is the value of 3 + (-8 - 3) + (103 - 36) + (-10 - -4)?
53
(82 - 48) + (-2 + (-3 - -4) - (-17 - -11))
39
Evaluate (-143 + 163 - (-29 - -2)) + -3 + -2.
42
Calculate 24 - (9 + 17 + -41).
39
-502 - -475 - (-1 + -24) - -48
46
What is the value of (-106 - 85 - -55) + 252?
116
-12 + 0 + -12 + 0 - (7 + 0)
-31
Calculate (134 - 165) + (-23 - 3).
-57
Calculate 69 + (-2 - -2) + 489 + -479.
79
What is the value of -32 + 77 - (-11 + 29)?
27
Evaluate (67 - 65) + -125 + 9 + (2 - (-4 + 15)).
-123
953 + -933 + (-23 - 5)
-8
87 - ((-32 - -27) + -9 - -22)
79
Calculate 101 + (-11 - -22 - 68).
44
Evaluate -8 - 50 - ((16 - 21) + (10 - 0) + -13).
-50
(135 - 58) + 5 +